{"id":36,"date":"2012-06-21T09:05:32","date_gmt":"2012-06-21T09:05:32","guid":{"rendered":"http:\/\/localhost\/the_practice\/?page_id=36"},"modified":"2018-06-25T17:07:42","modified_gmt":"2018-06-25T17:07:42","slug":"about-us","status":"publish","type":"page","link":"https:\/\/www.ra-juliane-kessler.de\/?page_id=36","title":{"rendered":"Kanzlei"},"content":{"rendered":"<p><a href=\"https:\/\/www.ra-juliane-kessler.de\/wp-content\/uploads\/2012\/06\/RA_Juliane_Kessler.jpg\"><img loading=\"lazy\" class=\"frame_right alignnone wp-image-633 size-medium\" src=\"https:\/\/www.ra-juliane-kessler.de\/wp-content\/uploads\/2012\/06\/RA_Juliane_Kessler-200x300.jpg\" alt=\"RA_Juliane_Kessler\" width=\"200\" height=\"300\" srcset=\"https:\/\/www.ra-juliane-kessler.de\/wp-content\/uploads\/2012\/06\/RA_Juliane_Kessler-200x300.jpg 200w, https:\/\/www.ra-juliane-kessler.de\/wp-content\/uploads\/2012\/06\/RA_Juliane_Kessler.jpg 500w\" sizes=\"(max-width: 200px) 100vw, 200px\" \/><\/a>Als Fachanw\u00e4ltin f\u00fcr Familienrecht besch\u00e4ftige ich mich fast ausschlie\u00dflich mit dem Familien- und Eherecht.<br \/>\nIch berate und vertrete Sie unter anderem bei Ehescheidungen, bei Aufl\u00f6sung von Lebenspartnerschaften, bei Fragen zum Kindes-, Ehegatten- und Elternunterhalt, bei der Regelung des Sorge- und Umgangsrechts sowie bei der Aufteilung Ihres Verm\u00f6gens anl\u00e4sslich der Trennung und Ehescheidung.<\/p>\n<p>Meine langj\u00e4hrige Erfahrung und meine Spezialisierung auf den Gebieten des Familienrechts und des Pferderechts, sowie die st\u00e4ndige Weiterbildungspflicht, der ich als Fachanw\u00e4ltin unterliege, gew\u00e4hrleisten Ihnen eine zuverl\u00e4ssige und fachlich kompetente Bearbeitung Ihrer Auftr\u00e4ge.<br \/>\nEs ist mir wichtig, dass Sie sich \u2013 ganz gleich in welcher Angelegenheit \u2013 bei mir gut aufgehoben f\u00fchlen und individuell betreut wissen.<\/p>\n<p>F\u00fcr den Fall, dass Sie eine zeitnahe anwaltliche Vertretung ben\u00f6tigen oder sich einen umfassenden \u00dcberblick \u00fcber Ihre pers\u00f6nliche und wirtschaftliche Position anl\u00e4sslich Trennung und Ehescheidung verschaffen wollen, stehe ich Ihnen mit Kompetenz und Einf\u00fchlungsverm\u00f6gen zur Verf\u00fcgung.<\/p>\n<p>Als passionierte Reiterin habe ich mich des Weiteren auf das Pferderecht spezialisiert.<br \/>\nWeitere Informationen finden Sie <a title=\"hier\" href=\"https:\/\/www.ra-juliane-kessler.de\/?page_id=2\">hier<\/a>.<\/p>\n<h2 id=\"anchor3\">Rechtsanw\u00e4ltin Juliane Ke\u00dfler<\/h2>\n<p><strong>Geboren 1962 in Siegen<\/strong><\/p>\n<p><strong>Studium der Rechtswissenschaften an der Universit\u00e4t Trier<\/strong><\/p>\n<p><strong>Referendariatsdienst am\u00a0Landgericht Siegen<\/strong><\/p>\n<p><strong>Im November 1992\u00a0&#8211;\u00a0Zulassung als Rechtsanw\u00e4ltin<\/strong><\/p>\n<p><strong>Im Januar 1993\u00a0&#8211;\u00a0Gr\u00fcndung einer eigenen Anwaltskanzlei in Siegen-Geisweid<\/strong><\/p>\n<p><strong>Seit 2000\u00a0&#8211;\u00a0zugleich Fachanw\u00e4ltin f\u00fcr Familienrecht, weiterer T\u00e4tigkeitsschwerpunkt Pferderecht<\/strong><\/p>\n","protected":false},"excerpt":{"rendered":"<p>Als Fachanw\u00e4ltin f\u00fcr Familienrecht besch\u00e4ftige ich mich fast ausschlie\u00dflich mit dem Familien- und Eherecht. Ich berate und vertrete Sie unter anderem bei Ehescheidungen, bei Aufl\u00f6sung von Lebenspartnerschaften, bei Fragen zum Kindes-, Ehegatten- und Elternunterhalt, bei der Regelung des Sorge- und Umgangsrechts sowie bei der Aufteilung Ihres Verm\u00f6gens anl\u00e4sslich der Trennung und Ehescheidung. Meine langj\u00e4hrige Erfahrung.<\/p>\n","protected":false},"author":1,"featured_media":0,"parent":0,"menu_order":0,"comment_status":"open","ping_status":"open","template":"","meta":[],"_links":{"self":[{"href":"https:\/\/www.ra-juliane-kessler.de\/index.php?rest_route=\/wp\/v2\/pages\/36"}],"collection":[{"href":"https:\/\/www.ra-juliane-kessler.de\/index.php?rest_route=\/wp\/v2\/pages"}],"about":[{"href":"https:\/\/www.ra-juliane-kessler.de\/index.php?rest_route=\/wp\/v2\/types\/page"}],"author":[{"embeddable":true,"href":"https:\/\/www.ra-juliane-kessler.de\/index.php?rest_route=\/wp\/v2\/users\/1"}],"replies":[{"embeddable":true,"href":"https:\/\/www.ra-juliane-kessler.de\/index.php?rest_route=%2Fwp%2Fv2%2Fcomments&post=36"}],"version-history":[{"count":44,"href":"https:\/\/www.ra-juliane-kessler.de\/index.php?rest_route=\/wp\/v2\/pages\/36\/revisions"}],"predecessor-version":[{"id":789,"href":"https:\/\/www.ra-juliane-kessler.de\/index.php?rest_route=\/wp\/v2\/pages\/36\/revisions\/789"}],"wp:attachment":[{"href":"https:\/\/www.ra-juliane-kessler.de\/index.php?rest_route=%2Fwp%2Fv2%2Fmedia&parent=36"}],"curies":[{"name":"wp","href":"https:\/\/api.w.org\/{rel}","templated":true}]}}